{"id":705,"date":"2024-08-08T01:37:58","date_gmt":"2024-08-08T01:37:58","guid":{"rendered":"https:\/\/tiendamora.cl\/?post_type=product&#038;p=705"},"modified":"2024-08-08T01:37:58","modified_gmt":"2024-08-08T01:37:58","slug":"mascarillas-desechables","status":"publish","type":"product","link":"https:\/\/tiendamora.cl\/index.php\/product\/mascarillas-desechables\/","title":{"rendered":"Mascarillas desechables"},"content":{"rendered":"","protected":false},"excerpt":{"rendered":"<ul class=\"a-unordered-list a-vertical a-spacing-mini\">\n<li class=\"a-spacing-mini\"><span class=\"a-list-item\">Protecci\u00f3n c\u00f3moda durante todo el d\u00eda: fabricado con material transpirable de alta calidad para que puedas respirar suavemente incluso mientras lo llevas durante per\u00edodos m\u00e1s largos de tiempo. Nuestra m\u00e1scara desechable azul tambi\u00e9n viene con un lazo suave altamente el\u00e1stico para eliminar la presi\u00f3n alrededor de las orejas.<\/span><\/li>\n<li class=\"a-spacing-mini\"><span class=\"a-list-item\">Filtraci\u00f3n fiable de 3 capas: nuestra m\u00e1scara de papel est\u00e1 hecha de tres capas. Cada capa est\u00e1 hecha de polipropileno de alta calidad. La tela no tejida de alta calidad es m\u00e1s transpirable y no agita la piel.<\/span><\/li>\n<li class=\"a-spacing-mini\"><span class=\"a-list-item\">Puente de nariz ajustable, talla \u00fanica: esta m\u00e1scara facial desechable se adapta adecuadamente a una amplia variedad de formas y tama\u00f1os de cara. Adecuado para edades de 15 a\u00f1os en adelante. Simplemente sujeta las bandas el\u00e1sticas sobre tus orejas y presiona la vers\u00e1til tira de metal alrededor de tu nariz para crear un ligero sello alrededor de tu cara.<\/span><\/li>\n<li class=\"a-spacing-mini\"><span class=\"a-list-item\">Ideal para tareas diarias en casa y al aire libre: esta m\u00e1scara facial protectora personal est\u00e1 dise\u00f1ada para ser usada como medida de precauci\u00f3n. Ideal para actividades en interiores y exteriores como transporte p\u00fablico, ejercicio, deportes, lugares de trabajo, etc. No apto para uso en situaciones m\u00e9dicas o de alto riesgo.<\/span><\/li>\n<\/ul>\n","protected":false},"featured_media":706,"comment_status":"open","ping_status":"closed","template":"","meta":[],"product_cat":[46],"product_tag":[],"class_list":{"0":"post-705","1":"product","2":"type-product","3":"status-publish","4":"has-post-thumbnail","6":"product_cat-salud","8":"first","9":"instock","10":"shipping-taxable","11":"product-type-simple"},"_links":{"self":[{"href":"https:\/\/tiendamora.cl\/index.php\/wp-json\/wp\/v2\/product\/705","targetHints":{"allow":["GET"]}}],"collection":[{"href":"https:\/\/tiendamora.cl\/index.php\/wp-json\/wp\/v2\/product"}],"about":[{"href":"https:\/\/tiendamora.cl\/index.php\/wp-json\/wp\/v2\/types\/product"}],"replies":[{"embeddable":true,"href":"https:\/\/tiendamora.cl\/index.php\/wp-json\/wp\/v2\/comments?post=705"}],"wp:featuredmedia":[{"embeddable":true,"href":"https:\/\/tiendamora.cl\/index.php\/wp-json\/wp\/v2\/media\/706"}],"wp:attachment":[{"href":"https:\/\/tiendamora.cl\/index.php\/wp-json\/wp\/v2\/media?parent=705"}],"wp:term":[{"taxonomy":"product_cat","embeddable":true,"href":"https:\/\/tiendamora.cl\/index.php\/wp-json\/wp\/v2\/product_cat?post=705"},{"taxonomy":"product_tag","embeddable":true,"href":"https:\/\/tiendamora.cl\/index.php\/wp-json\/wp\/v2\/product_tag?post=705"}],"curies":[{"name":"wp","href":"https:\/\/api.w.org\/{rel}","templated":true}]}}